{"id":17052,"date":"2025-04-11T17:15:40","date_gmt":"2025-04-11T17:15:40","guid":{"rendered":"https:\/\/www.olibec.com\/?post_type=product&#038;p=17052"},"modified":"2025-04-11T17:41:12","modified_gmt":"2025-04-11T17:41:12","slug":"mestral-bio-3-litres","status":"publish","type":"product","link":"https:\/\/www.olibec.com\/index.php\/produit\/mestral-bio-3-litres\/","title":{"rendered":"Mestral BIO &#8211; 3 litres"},"content":{"rendered":"<p>Huile d\u2019olive 100 % extra vierge BIO de la vari\u00e9t\u00e9 arbequina, import\u00e9e directement de la Coop\u00e9rative agricole de Cambrils, au sud de la Catalogne. L\u2019huile est certifi\u00e9e BIO, QVExtra et DOP Siurana. Bidon m\u00e9tallique de 3 litres.<\/p>\n<p><img loading=\"lazy\" decoding=\"async\" class=\"alignnone size-full wp-image-17012\" src=\"https:\/\/www.olibec.com\/wp-content\/uploads\/2020\/12\/logos.png\" alt=\"\" width=\"605\" height=\"160\" srcset=\"https:\/\/www.olibec.com\/wp-content\/uploads\/2020\/12\/logos.png 605w, https:\/\/www.olibec.com\/wp-content\/uploads\/2020\/12\/logos-300x79.png 300w, https:\/\/www.olibec.com\/wp-content\/uploads\/2020\/12\/logos-416x110.png 416w\" sizes=\"auto, (max-width: 605px) 100vw, 605px\" \/><\/p>\n","protected":false},"excerpt":{"rendered":"<p>Huile d\u2019olive 100 % extra vierge BIO de la vari\u00e9t\u00e9 arbequina, import\u00e9e directement de la Coop\u00e9rative agricole de Cambrils, au sud de la Catalogne. L\u2019huile est certifi\u00e9e BIO, QVExtra et DOP Siurana. Bidon m\u00e9tallique de 3 litres.<\/p>\n","protected":false},"featured_media":17053,"comment_status":"open","ping_status":"closed","template":"","meta":{"jetpack_post_was_ever_published":false,"jetpack_publicize_message":"","jetpack_publicize_feature_enabled":true,"jetpack_social_post_already_shared":true,"jetpack_social_options":{"image_generator_settings":{"template":"highway","default_image_id":0,"font":"","enabled":false},"version":2}},"product_brand":[],"product_cat":[20],"product_tag":[],"class_list":{"0":"post-17052","1":"product","2":"type-product","3":"status-publish","4":"has-post-thumbnail","6":"product_cat-huile","8":"first","9":"instock","10":"purchasable","11":"product-type-simple"},"yoast_head":"<!-- This site is optimized with the Yoast SEO plugin v26.4 - https:\/\/yoast.com\/wordpress\/plugins\/seo\/ -->\n<title>Mestral BIO - 3 litres - Olibec<\/title>\n<meta name=\"robots\" content=\"index, follow, max-snippet:-1, max-image-preview:large, max-video-preview:-1\" \/>\n<link rel=\"canonical\" href=\"https:\/\/www.olibec.com\/index.php\/produit\/mestral-bio-3-litres\/\" \/>\n<meta property=\"og:locale\" content=\"fr_CA\" \/>\n<meta property=\"og:type\" content=\"article\" \/>\n<meta property=\"og:title\" content=\"Mestral BIO - 3 litres - Olibec\" \/>\n<meta property=\"og:description\" content=\"Huile d\u2019olive 100 % extra vierge BIO de la vari\u00e9t\u00e9 arbequina, import\u00e9e directement de la Coop\u00e9rative agricole de Cambrils, au sud de la Catalogne. L\u2019huile est certifi\u00e9e BIO, QVExtra et DOP Siurana. Bidon m\u00e9tallique de 3 litres.\" \/>\n<meta property=\"og:url\" content=\"https:\/\/www.olibec.com\/index.php\/produit\/mestral-bio-3-litres\/\" \/>\n<meta property=\"og:site_name\" content=\"Olibec\" \/>\n<meta property=\"article:publisher\" content=\"https:\/\/www.facebook.com\/olibecMTL\" \/>\n<meta property=\"article:modified_time\" content=\"2025-04-11T17:41:12+00:00\" \/>\n<meta property=\"og:image\" content=\"https:\/\/www.olibec.com\/wp-content\/uploads\/2025\/04\/BO000509-Aceite-de-Oliva-Virgen-Extra-Mestral-BIO-LATA-1666678315l.jpg\" \/>\n\t<meta property=\"og:image:width\" content=\"924\" \/>\n\t<meta property=\"og:image:height\" content=\"1287\" \/>\n\t<meta property=\"og:image:type\" content=\"image\/jpeg\" \/>\n<meta name=\"twitter:card\" content=\"summary_large_image\" \/>\n<meta name=\"twitter:label1\" content=\"Estimation du temps de lecture\" \/>\n\t<meta name=\"twitter:data1\" content=\"1 minute\" \/>\n<script type=\"application\/ld+json\" class=\"yoast-schema-graph\">{\"@context\":\"https:\/\/schema.org\",\"@graph\":[{\"@type\":\"WebPage\",\"@id\":\"https:\/\/www.olibec.com\/index.php\/produit\/mestral-bio-3-litres\/\",\"url\":\"https:\/\/www.olibec.com\/index.php\/produit\/mestral-bio-3-litres\/\",\"name\":\"Mestral BIO - 3 litres - Olibec\",\"isPartOf\":{\"@id\":\"https:\/\/www.olibec.com\/#website\"},\"primaryImageOfPage\":{\"@id\":\"https:\/\/www.olibec.com\/index.php\/produit\/mestral-bio-3-litres\/#primaryimage\"},\"image\":{\"@id\":\"https:\/\/www.olibec.com\/index.php\/produit\/mestral-bio-3-litres\/#primaryimage\"},\"thumbnailUrl\":\"https:\/\/www.olibec.com\/wp-content\/uploads\/2025\/04\/BO000509-Aceite-de-Oliva-Virgen-Extra-Mestral-BIO-LATA-1666678315l.jpg\",\"datePublished\":\"2025-04-11T17:15:40+00:00\",\"dateModified\":\"2025-04-11T17:41:12+00:00\",\"breadcrumb\":{\"@id\":\"https:\/\/www.olibec.com\/index.php\/produit\/mestral-bio-3-litres\/#breadcrumb\"},\"inLanguage\":\"fr-CA\",\"potentialAction\":[{\"@type\":\"ReadAction\",\"target\":[\"https:\/\/www.olibec.com\/index.php\/produit\/mestral-bio-3-litres\/\"]}]},{\"@type\":\"ImageObject\",\"inLanguage\":\"fr-CA\",\"@id\":\"https:\/\/www.olibec.com\/index.php\/produit\/mestral-bio-3-litres\/#primaryimage\",\"url\":\"https:\/\/www.olibec.com\/wp-content\/uploads\/2025\/04\/BO000509-Aceite-de-Oliva-Virgen-Extra-Mestral-BIO-LATA-1666678315l.jpg\",\"contentUrl\":\"https:\/\/www.olibec.com\/wp-content\/uploads\/2025\/04\/BO000509-Aceite-de-Oliva-Virgen-Extra-Mestral-BIO-LATA-1666678315l.jpg\",\"width\":924,\"height\":1287},{\"@type\":\"BreadcrumbList\",\"@id\":\"https:\/\/www.olibec.com\/index.php\/produit\/mestral-bio-3-litres\/#breadcrumb\",\"itemListElement\":[{\"@type\":\"ListItem\",\"position\":1,\"name\":\"Accueil\",\"item\":\"https:\/\/www.olibec.com\/\"},{\"@type\":\"ListItem\",\"position\":2,\"name\":\"Boutique\",\"item\":\"https:\/\/www.olibec.com\/index.php\/boutique\/\"},{\"@type\":\"ListItem\",\"position\":3,\"name\":\"Mestral BIO &#8211; 3 litres\"}]},{\"@type\":\"WebSite\",\"@id\":\"https:\/\/www.olibec.com\/#website\",\"url\":\"https:\/\/www.olibec.com\/\",\"name\":\"Olibec\",\"description\":\"Huile d&#039;olive et d&#039;autres produits fins de Catalogne\",\"publisher\":{\"@id\":\"https:\/\/www.olibec.com\/#organization\"},\"potentialAction\":[{\"@type\":\"SearchAction\",\"target\":{\"@type\":\"EntryPoint\",\"urlTemplate\":\"https:\/\/www.olibec.com\/?s={search_term_string}\"},\"query-input\":{\"@type\":\"PropertyValueSpecification\",\"valueRequired\":true,\"valueName\":\"search_term_string\"}}],\"inLanguage\":\"fr-CA\"},{\"@type\":\"Organization\",\"@id\":\"https:\/\/www.olibec.com\/#organization\",\"name\":\"Olibec\",\"url\":\"https:\/\/www.olibec.com\/\",\"logo\":{\"@type\":\"ImageObject\",\"inLanguage\":\"fr-CA\",\"@id\":\"https:\/\/www.olibec.com\/#\/schema\/logo\/image\/\",\"url\":\"https:\/\/www.olibec.com\/wp-content\/uploads\/2018\/11\/cropped-logo-olibec-oct-2018-1.jpg\",\"contentUrl\":\"https:\/\/www.olibec.com\/wp-content\/uploads\/2018\/11\/cropped-logo-olibec-oct-2018-1.jpg\",\"width\":564,\"height\":166,\"caption\":\"Olibec\"},\"image\":{\"@id\":\"https:\/\/www.olibec.com\/#\/schema\/logo\/image\/\"},\"sameAs\":[\"https:\/\/www.facebook.com\/olibecMTL\"]}]}<\/script>\n<!-- \/ Yoast SEO plugin. -->","yoast_head_json":{"title":"Mestral BIO - 3 litres - Olibec","robots":{"index":"index","follow":"follow","max-snippet":"max-snippet:-1","max-image-preview":"max-image-preview:large","max-video-preview":"max-video-preview:-1"},"canonical":"https:\/\/www.olibec.com\/index.php\/produit\/mestral-bio-3-litres\/","og_locale":"fr_CA","og_type":"article","og_title":"Mestral BIO - 3 litres - Olibec","og_description":"Huile d\u2019olive 100 % extra vierge BIO de la vari\u00e9t\u00e9 arbequina, import\u00e9e directement de la Coop\u00e9rative agricole de Cambrils, au sud de la Catalogne. L\u2019huile est certifi\u00e9e BIO, QVExtra et DOP Siurana. Bidon m\u00e9tallique de 3 litres.","og_url":"https:\/\/www.olibec.com\/index.php\/produit\/mestral-bio-3-litres\/","og_site_name":"Olibec","article_publisher":"https:\/\/www.facebook.com\/olibecMTL","article_modified_time":"2025-04-11T17:41:12+00:00","og_image":[{"width":924,"height":1287,"url":"https:\/\/www.olibec.com\/wp-content\/uploads\/2025\/04\/BO000509-Aceite-de-Oliva-Virgen-Extra-Mestral-BIO-LATA-1666678315l.jpg","type":"image\/jpeg"}],"twitter_card":"summary_large_image","twitter_misc":{"Estimation du temps de lecture":"1 minute"},"schema":{"@context":"https:\/\/schema.org","@graph":[{"@type":"WebPage","@id":"https:\/\/www.olibec.com\/index.php\/produit\/mestral-bio-3-litres\/","url":"https:\/\/www.olibec.com\/index.php\/produit\/mestral-bio-3-litres\/","name":"Mestral BIO - 3 litres - Olibec","isPartOf":{"@id":"https:\/\/www.olibec.com\/#website"},"primaryImageOfPage":{"@id":"https:\/\/www.olibec.com\/index.php\/produit\/mestral-bio-3-litres\/#primaryimage"},"image":{"@id":"https:\/\/www.olibec.com\/index.php\/produit\/mestral-bio-3-litres\/#primaryimage"},"thumbnailUrl":"https:\/\/www.olibec.com\/wp-content\/uploads\/2025\/04\/BO000509-Aceite-de-Oliva-Virgen-Extra-Mestral-BIO-LATA-1666678315l.jpg","datePublished":"2025-04-11T17:15:40+00:00","dateModified":"2025-04-11T17:41:12+00:00","breadcrumb":{"@id":"https:\/\/www.olibec.com\/index.php\/produit\/mestral-bio-3-litres\/#breadcrumb"},"inLanguage":"fr-CA","potentialAction":[{"@type":"ReadAction","target":["https:\/\/www.olibec.com\/index.php\/produit\/mestral-bio-3-litres\/"]}]},{"@type":"ImageObject","inLanguage":"fr-CA","@id":"https:\/\/www.olibec.com\/index.php\/produit\/mestral-bio-3-litres\/#primaryimage","url":"https:\/\/www.olibec.com\/wp-content\/uploads\/2025\/04\/BO000509-Aceite-de-Oliva-Virgen-Extra-Mestral-BIO-LATA-1666678315l.jpg","contentUrl":"https:\/\/www.olibec.com\/wp-content\/uploads\/2025\/04\/BO000509-Aceite-de-Oliva-Virgen-Extra-Mestral-BIO-LATA-1666678315l.jpg","width":924,"height":1287},{"@type":"BreadcrumbList","@id":"https:\/\/www.olibec.com\/index.php\/produit\/mestral-bio-3-litres\/#breadcrumb","itemListElement":[{"@type":"ListItem","position":1,"name":"Accueil","item":"https:\/\/www.olibec.com\/"},{"@type":"ListItem","position":2,"name":"Boutique","item":"https:\/\/www.olibec.com\/index.php\/boutique\/"},{"@type":"ListItem","position":3,"name":"Mestral BIO &#8211; 3 litres"}]},{"@type":"WebSite","@id":"https:\/\/www.olibec.com\/#website","url":"https:\/\/www.olibec.com\/","name":"Olibec","description":"Huile d&#039;olive et d&#039;autres produits fins de Catalogne","publisher":{"@id":"https:\/\/www.olibec.com\/#organization"},"potentialAction":[{"@type":"SearchAction","target":{"@type":"EntryPoint","urlTemplate":"https:\/\/www.olibec.com\/?s={search_term_string}"},"query-input":{"@type":"PropertyValueSpecification","valueRequired":true,"valueName":"search_term_string"}}],"inLanguage":"fr-CA"},{"@type":"Organization","@id":"https:\/\/www.olibec.com\/#organization","name":"Olibec","url":"https:\/\/www.olibec.com\/","logo":{"@type":"ImageObject","inLanguage":"fr-CA","@id":"https:\/\/www.olibec.com\/#\/schema\/logo\/image\/","url":"https:\/\/www.olibec.com\/wp-content\/uploads\/2018\/11\/cropped-logo-olibec-oct-2018-1.jpg","contentUrl":"https:\/\/www.olibec.com\/wp-content\/uploads\/2018\/11\/cropped-logo-olibec-oct-2018-1.jpg","width":564,"height":166,"caption":"Olibec"},"image":{"@id":"https:\/\/www.olibec.com\/#\/schema\/logo\/image\/"},"sameAs":["https:\/\/www.facebook.com\/olibecMTL"]}]}},"jetpack_publicize_connections":[],"jetpack_sharing_enabled":true,"_links":{"self":[{"href":"https:\/\/www.olibec.com\/index.php\/wp-json\/wp\/v2\/product\/17052","targetHints":{"allow":["GET"]}}],"collection":[{"href":"https:\/\/www.olibec.com\/index.php\/wp-json\/wp\/v2\/product"}],"about":[{"href":"https:\/\/www.olibec.com\/index.php\/wp-json\/wp\/v2\/types\/product"}],"replies":[{"embeddable":true,"href":"https:\/\/www.olibec.com\/index.php\/wp-json\/wp\/v2\/comments?post=17052"}],"wp:featuredmedia":[{"embeddable":true,"href":"https:\/\/www.olibec.com\/index.php\/wp-json\/wp\/v2\/media\/17053"}],"wp:attachment":[{"href":"https:\/\/www.olibec.com\/index.php\/wp-json\/wp\/v2\/media?parent=17052"}],"wp:term":[{"taxonomy":"product_brand","embeddable":true,"href":"https:\/\/www.olibec.com\/index.php\/wp-json\/wp\/v2\/product_brand?post=17052"},{"taxonomy":"product_cat","embeddable":true,"href":"https:\/\/www.olibec.com\/index.php\/wp-json\/wp\/v2\/product_cat?post=17052"},{"taxonomy":"product_tag","embeddable":true,"href":"https:\/\/www.olibec.com\/index.php\/wp-json\/wp\/v2\/product_tag?post=17052"}],"curies":[{"name":"wp","href":"https:\/\/api.w.org\/{rel}","templated":true}]}}

<p>Huile d’olive 100 % extra vierge BIO de la variété arbequina, importée directement de la Coopérative agricole de Cambrils, au sud de la Catalogne. L’huile est certifiée BIO, QVExtra et DOP Siurana. Bidon métallique de 3 litres.</p>
<p><img loading="lazy" decoding="async" class="alignnone size-full wp-image-17012" src="https://www.olibec.com/wp-content/uploads/2020/12/logos.png" alt="" width="605" height="160" srcset="https://www.olibec.com/wp-content/uploads/2020/12/logos.png 605w, https://www.olibec.com/wp-content/uploads/2020/12/logos-300x79.png 300w, https://www.olibec.com/wp-content/uploads/2020/12/logos-416x110.png 416w" sizes="auto, (max-width: 605px) 100vw, 605px" /></p>

<p>Huile d’olive 100 % extra vierge BIO de la variété arbequina, importée directement de la Coopérative agricole de Cambrils, au sud de la Catalogne. L’huile est certifiée BIO, QVExtra et DOP Siurana. Bidon métallique de 3 litres.</p>

<!-- This site is optimized with the Yoast SEO plugin v26.4 - https://yoast.com/wordpress/plugins/seo/ -->
<title>Mestral BIO - 3 litres - Olibec</title>
<meta name="robots" content="index, follow, max-snippet:-1, max-image-preview:large, max-video-preview:-1" />
<link rel="canonical" href="https://www.olibec.com/index.php/produit/mestral-bio-3-litres/" />
<meta property="og:locale" content="fr_CA" />
<meta property="og:type" content="article" />
<meta property="og:title" content="Mestral BIO - 3 litres - Olibec" />
<meta property="og:description" content="Huile d’olive 100 % extra vierge BIO de la variété arbequina, importée directement de la Coopérative agricole de Cambrils, au sud de la Catalogne. L’huile est certifiée BIO, QVExtra et DOP Siurana. Bidon métallique de 3 litres." />
<meta property="og:url" content="https://www.olibec.com/index.php/produit/mestral-bio-3-litres/" />
<meta property="og:site_name" content="Olibec" />
<meta property="article:publisher" content="https://www.facebook.com/olibecMTL" />
<meta property="article:modified_time" content="2025-04-11T17:41:12+00:00" />
<meta property="og:image" content="https://www.olibec.com/wp-content/uploads/2025/04/BO000509-Aceite-de-Oliva-Virgen-Extra-Mestral-BIO-LATA-1666678315l.jpg" />
	<meta property="og:image:width" content="924" />
	<meta property="og:image:height" content="1287" />
	<meta property="og:image:type" content="image/jpeg" />
<meta name="twitter:card" content="summary_large_image" />
<meta name="twitter:label1" content="Estimation du temps de lecture" />
	<meta name="twitter:data1" content="1 minute" />
<script type="application/ld+json" class="yoast-schema-graph">{"@context":"https://schema.org","@graph":[{"@type":"WebPage","@id":"https://www.olibec.com/index.php/produit/mestral-bio-3-litres/","url":"https://www.olibec.com/index.php/produit/mestral-bio-3-litres/","name":"Mestral BIO - 3 litres - Olibec","isPartOf":{"@id":"https://www.olibec.com/#website"},"primaryImageOfPage":{"@id":"https://www.olibec.com/index.php/produit/mestral-bio-3-litres/#primaryimage"},"image":{"@id":"https://www.olibec.com/index.php/produit/mestral-bio-3-litres/#primaryimage"},"thumbnailUrl":"https://www.olibec.com/wp-content/uploads/2025/04/BO000509-Aceite-de-Oliva-Virgen-Extra-Mestral-BIO-LATA-1666678315l.jpg","datePublished":"2025-04-11T17:15:40+00:00","dateModified":"2025-04-11T17:41:12+00:00","breadcrumb":{"@id":"https://www.olibec.com/index.php/produit/mestral-bio-3-litres/#breadcrumb"},"inLanguage":"fr-CA","potentialAction":[{"@type":"ReadAction","target":["https://www.olibec.com/index.php/produit/mestral-bio-3-litres/"]}]},{"@type":"ImageObject","inLanguage":"fr-CA","@id":"https://www.olibec.com/index.php/produit/mestral-bio-3-litres/#primaryimage","url":"https://www.olibec.com/wp-content/uploads/2025/04/BO000509-Aceite-de-Oliva-Virgen-Extra-Mestral-BIO-LATA-1666678315l.jpg","contentUrl":"https://www.olibec.com/wp-content/uploads/2025/04/BO000509-Aceite-de-Oliva-Virgen-Extra-Mestral-BIO-LATA-1666678315l.jpg","width":924,"height":1287},{"@type":"BreadcrumbList","@id":"https://www.olibec.com/index.php/produit/mestral-bio-3-litres/#breadcrumb","itemListElement":[{"@type":"ListItem","position":1,"name":"Accueil","item":"https://www.olibec.com/"},{"@type":"ListItem","position":2,"name":"Boutique","item":"https://www.olibec.com/index.php/boutique/"},{"@type":"ListItem","position":3,"name":"Mestral BIO &#8211; 3 litres"}]},{"@type":"WebSite","@id":"https://www.olibec.com/#website","url":"https://www.olibec.com/","name":"Olibec","description":"Huile d&#039;olive et d&#039;autres produits fins de Catalogne","publisher":{"@id":"https://www.olibec.com/#organization"},"potentialAction":[{"@type":"SearchAction","target":{"@type":"EntryPoint","urlTemplate":"https://www.olibec.com/?s={search_term_string}"},"query-input":{"@type":"PropertyValueSpecification","valueRequired":true,"valueName":"search_term_string"}}],"inLanguage":"fr-CA"},{"@type":"Organization","@id":"https://www.olibec.com/#organization","name":"Olibec","url":"https://www.olibec.com/","logo":{"@type":"ImageObject","inLanguage":"fr-CA","@id":"https://www.olibec.com/#/schema/logo/image/","url":"https://www.olibec.com/wp-content/uploads/2018/11/cropped-logo-olibec-oct-2018-1.jpg","contentUrl":"https://www.olibec.com/wp-content/uploads/2018/11/cropped-logo-olibec-oct-2018-1.jpg","width":564,"height":166,"caption":"Olibec"},"image":{"@id":"https://www.olibec.com/#/schema/logo/image/"},"sameAs":["https://www.facebook.com/olibecMTL"]}]}</script>
<!-- / Yoast SEO plugin. -->

Huile d’olive 100 % extra vierge BIO de la variété arbequina, importée directement de la Coopérative agricole de Cambrils, au sud de la Catalogne. L’huile est certifiée BIO, QVExtra et DOP Siurana. Bidon métallique de 3 litres.
